the units digit of ((-2)/4)/(x/(-2))?
1
Let b be 2/(-14) + (-110)/(-35). Let m(u) = -u**3 + 5*u**2 - 3*u - 3. What is the units digit of m(b)?
6
Suppose 5*g + 23 - 3 = 0, -222 = -2*j + 2*g. What is the tens digit of j?
0
Let w be ((-3)/(-1))/(6/8). Suppose -4*l + 88 = 4*v, 4*v = 2*v + 4. Suppose l = w*n - 36. What is the tens digit of n?
1
Let w(j) = j**3 - 8*j**2 + 9*j - 10. Let a be w(7). Suppose o - 5*b + 2 = 30, a*o = 5*b + 82. What is the units digit of o?
8
Let l be 0 + 9 + (2 - 3). Suppose 5*t = 3*p + 40, -2*t - t = -p - 20. Let g = l - t. What is the units digit of g?
3
Let s = 496 - 340. What is the hundreds digit of s?
1
Let u = -8 + 13. Let h = u + -2. Suppose 0 = 2*m - 0*c + h*c + 3, 5*m - 5*c = 30. What is the units digit of m?
3
Let a(j) = -j**2 - 5*j - 1. Let t be a(-4). Let l = -10 + t. What is the units digit of -1 + 4 - (2 + l)?
8
Let p(m) = -m + 2. Suppose -x + 3*k = -18, -2*x - 3*k - 4 = 5. Suppose -2*f = -4*f + x*c - 7, f = -4*c - 9. What is the units digit of p(f)?
7
Suppose -6 = -2*n - 0. Let z be (-6)/3 - (2 + n). Let w = z - -15. What is the units digit of w?
8
Let m(n) = -n**3 - 16*n**2 - 3*n - 23. What is the tens digit of m(-16)?
2
Suppose 4*k = 4*f - 56 + 492, -2*f + 412 = 4*k. What is the hundreds digit of k?
1
What is the units digit of (-707)/(-14) - ((-7)/(-2) - 2)?
9
Let v = -9 + 104. What is the tens digit of v?
9
Let z be (8/5)/((-5)/(-450)). Suppose 2*a - 6*a = -5*c - 117, -5*a + z = -4*c. What is the tens digit of a?
2
Let a be ((-1)/(-3))/((-3)/(-9)). Let y be (3 + -2 - -33)/2. What is the tens digit of y + a + -3 - 3?
1
Let m = -107 - -258. What is the tens digit of m?
5
Let g be (-3 - -4)*(-1 - -4). Suppose 0 = g*c - 2*c - 3, -4*x - 2*c + 62 = 0. What is the units digit of x?
4
Let q be 4/(-18) + (-384)/(-27). Let b be (-1 + 1)*7/q. Suppose -5*y + 48 + 32 = b. What is the tens digit of y?
1
Let i be (10/(-4))/(2/(-4)). Suppose 3*v + 17 = -k, i*v + 35 = -3*k - 2*k. What is the units digit of ((-3)/k)/(9/6)?
1
Suppose -4*w + 0 = 20, 0 = j + w + 3. What is the units digit of ((-5)/j - -1)*-2?
3
Suppose 0*s - 3*f = s + 83, 0 = -5*s - 2*f - 350. Let i = s - -23. Let k = -26 - i. What is the tens digit of k?
1
Suppose -4*g - u = -93, g - 5*g + 3*u = -89. What is the units digit of g?
3
Let r = 65 - 30. What is the tens digit of r?
3
Let m(t) be the third derivative of t**6/120 + 7*t**5/60 + 2*t**3/3 - 2*t**2. What is the units digit of m(-7)?
4
Let i(z) = -z**2 + 6*z + 13. Let p be i(9). Let n(v) = -v**2 - 18*v - 5. What is the tens digit of n(p)?
5
Suppose -o = 2*o. Let w = o - 3. What is the units digit of 4 + 1 + w*1?
2
Let y = -36 + 82. What is the units digit of -2 + (-3)/(-6)*y?
1
Suppose -d + 2*c - 4*c - 3 = 0, 0 = -3*d + 5*c - 20. Let f = d + 6. What is the units digit of f?
1
What is the tens digit of 0 + (-73)/(-2) - (-21)/14?
3
Let t = 7 + -7. Let g = 2 - t. Suppose -x = -r + 25 - 8, -3*x = -g*r + 38. What is the units digit of r?
3
Let j(i) = i**2 - 2*i - 1. Let w be j(5). Let q = w + -20. Let y(m) = -2*m - 6. What is the units digit of y(q)?
6
Suppose 2*g - f = 4, 0*f + 4*f = 2*g + 8. Let k(r) = r + 1. What is the units digit of k(g)?
5
Let t(u) = -u**2 - 5*u + 1. Let m be t(-3). Let w(p) = -p**3 + 8*p**2 - 4*p - 9. What is the tens digit of w(m)?
1
Let x(v) = -v**2 - 9*v - 5. Let t be x(-7). Suppose 5*z = t*z - 12. What is the units digit of z?
3
Suppose 2*t + 5*a = -3*t, 4*t - 3*a = 14. What is the units digit of t?
2
Let f = 205 + -130. What is the tens digit of f?
7
Suppose -2*u = -14 + 4, 0 = -5*l - 2*u + 20. Let x be -2 + l*(-2)/4. What is the units digit of (-2)/x + (-62)/(-6)?
1
Suppose 2*q = q - 5*w + 21, 3*q + 4*w = 41. What is the tens digit of q?
1
Suppose -3*b + 8*b - 25 = 0. Let r(q) = -q + 12. What is the units digit of r(b)?
7
What is the units digit of 115*1 + (7 - 5)?
7
Let p be (-4)/(-10) - 232/(-20). Let m be 2 - (1 - p/3). Suppose -m*r = w - 8, -1 = 3*r - 4*w + 8. What is the units digit of r?
1
Suppose -4*a + 99 = 3*i, -i - a + 30 = -3. What is the units digit of i?
3
Suppose -4*b + 5*j = -585, -b - 5*j + 395 = 2*b. What is the units digit of b?
0
Let u = -1 - -4. What is the tens digit of u + -1 - (-48)/3?
1
Suppose -5*n - 4*m + 308 = -7*m, -m = -5*n + 306. Suppose 3*u = 4*c + 11 + 24, 5*u - 4*c = n. What is the tens digit of u?
1
Suppose -3*n = -2*s - 5*n + 72, 32 = s - 3*n. What is the units digit of s?
5
Let z(y) = y - 1. Let k be z(0). Let s be ((22 - 2)/k)/(-1). Suppose -4*b + 10 = -2*r - 6, 4*r = 5*b - s. What is the units digit of b?
4
Suppose -3*q - 2*q = 0. Suppose -o - 3 = -w - q*o, 0 = -2*w - o + 3. What is the units digit of w?
2
Let j(d) = -2*d**2 + 4*d**3 - 6*d**3 + 2*d**3 + d**3. What is the units digit of j(3)?
9
Suppose 5*w = n - 6*n - 270, -w - 5*n = 62. Let o = -27 - w. What is the units digit of o?
5
What is the units digit of ((-204)/8)/(3/(-8))?
8
Suppose -5*f + 6 = -4. Let a be ((-60)/14)/((-2)/14). Suppose 3*h + 5*n - 42 = 0, 3*h - f*n - a = -3*n. What is the units digit of h?
9
Suppose -7 = 4*q + 1. What is the units digit of (-1 - q)/(1/24)?
4
Let x be (-106)/(-22) + 6/33. Suppose 31 = x*i + 1. What is the units digit of i?
6
Let f(j) = 2*j - 9. Let q(v) = v - 4. Let a(t) = -6*f(t) + 11*q(t). What is the units digit of a(7)?
3
Let y(x) = x + 1. Let t(j) = j**2 + 1. Let w be t(-2). What is the units digit of y(w)?
6
Let x(l) = -22*l + 19. Let a(z) = -33*z + 28. Let b(w) = 5*a(w) - 7*x(w). Let v(o) = 17*o - 10. Let q(j) = -7*b(j) - 5*v(j). What is the units digit of q(-1)?
9
Suppose 2*v - 4*v = -102. Let h = -31 + v. What is the tens digit of h?
2
Let z(v) = 4*v**2 - 4*v**2 - 10*v**3 - 2*v**3 - 1. What is the units digit of z(-1)?
1
Suppose r = -r. Suppose r = y + y - 4. Let l = 24 - y. What is the units digit of l?
2
What is the units digit of (-179)/(-8) - 21/56?
2
Let x(v) = -v - 11. Let s be x(-15). Let u be ((-5)/(-2))/(1/(-2)). Let q = s - u. What is the units digit of q?
9
Let u(c) = c**2 + c + 2. Let q be u(0). Let g be -1 + 3 - (0 - 0). Suppose -f = -g*s + 12, -4*s + 16 = -q*f + 4*f. What is the units digit of s?
5
Suppose 6*s = -2 + 68. What is the tens digit of s?
1
Let l = -218 - -339. What is the units digit of l?
1
Suppose -2*u + 16 = 2. Let c = -4 + u. Suppose -11 = 5*q + 4*o, -o = -4*q - c*o - 4. What is the units digit of q?
1
Suppose -3*x + 1 + 5 = 0. Suppose -10 = -x*y, -5*y = -3*n + 15 - 1. Let b = 21 - n. What is the units digit of b?
8
Let m be (-1 + 16)*(-3 + 2). Let g be (-1)/3 + 175/m. Let u = -5 - g. What is the units digit of u?
7
Let i(q) = -q + 4. What is the units digit of i(-7)?
1
Suppose -4*z = -z - 81. What is the tens digit of z?
2
Let u(c) be the second derivative of -c**5/20 + 5*c**4/12 - c**3/6 + 3*c**2 + c. What is the units digit of u(5)?
1
Let p(z) = 5*z**2 - 8*z - 11. What is the units digit of p(-3)?
8
Suppose -4*u - 4*t = -u - 110, -3*u + t + 100 = 0. What is the tens digit of u?
3
Let i = 33 - 16. What is the tens digit of i?
1
Suppose 0 = -4*d + 24 + 12. What is the units digit of d?
9
Suppose -4*h = -8*h + 4. Suppose -5*a + h = -t, -5*a - 10 + 3 = -3*t. Suppose 5*z - 21 + a = 0. What is the units digit of z?
4
Suppose -4*j - 5*p + 218 = 0, 5*j = -5*p + p + 268. Suppose -2*a - j = -5*f, -2*a - 43 = -4*f + a. Let s = 15 - f. What is the units digit of s?
5
Let y = -165 + 192. What is the tens digit of y?
2
Let l(d) = 4*d. Let j be l(2). Let g = -3 + j. Suppose 2*x = s + g, 2*s = 4*x - 3*s - 19. What is the units digit of x?
1
Let x(v) = v**3 + 8*v**2 + 2*v - 7. Let r be x(-7). Suppose 9*p - r = 7*p. What is the units digit of p?
4
Let x(w) = w**2 + 4*w + 50. What is the units digit of x(-8)?
2
Let o(c) = -2*c - 9. Let v be o(-17). Suppose v*g = 23*g + 62. What is the tens digit of g?
3
Let m = 81 + 29. What is the hundreds digit of m?
1
Let o(p) be the first derivative of -p**2/2 + 1. Let h be o(-3). Suppose -w = 5*r - 30, 4*r - h*w = -0*w + 5. What is the units digit of r?
5
Let z be 14/5 - 2/(-10). Suppose -4*d = -c - 51, -4*d = -0*c - z*c - 41. What is the tens digit of d?
1
Let g = 7 - 5. Suppose -17 = 3*q + 2*t, t = g*q - t + 8. Let c(o) = -3*o - 4. What is the units digit of c(q)?
1
Let a(v) = -v**2 - 8*v + 12. Let m be a(-9). Suppose 0*l + l = m. What is the units digit of l?
3
What is the tens 